 v?
2, 3, 131
Suppose -9 = 24*n - 27*n. Suppose t - n*j - 61 = 81, 2*j - 122 = -t. What are the prime factors of t?
2, 5, 13
Let s(o) be the first derivative of -o**4/4 - 5*o**3/3 - o**2/2 + 6*o + 12. Let i be s(-6). List the prime factors of 758/12 - 8/i.
3, 7
Let t(l) = l**2 + 5*l + 2. Let z be t(-4). Let a(h) = h + 8. Let n be a(z). Let b(y) = -y**3 + 7*y**2 - 5*y + 1. List the prime factors of b(n).
7
Let b be (-32)/(-24)*318/4. Suppose -q - 68 = -4*p, -2*q + p - 3*p = b. Let f = 96 + q. List the prime factors of f.
2, 5
Let b(i) = -8*i**3 + 8*i**2 + 3*i - 23. Let x(u) = -3*u**3 + 3*u**2 + u - 8. Let d(m) = 6*b(m) - 17*x(m). What are the prime factors of d(2)?
2, 3
Let z be (-3)/(32/(-20) - -1). Let d be (4 - z/1)*-2. Suppose 5*i = d*v + 27, 3*i - 4*v - 1 = 4. List the prime factors of i.
7
Let l = -59 - -166. List the prime factors of l.
107
Let a(d) be the third derivative of d**5/60 - 3*d**4/8 + 31*d**3/6 - 16*d**2. What are the prime factors of a(-9)?
193
Let s(x) be the second derivative of x**4/12 + 5*x**3/6 + x**2 + 2*x. List the prime factors of s(9).
2
Let s(n) = -101*n - 3. Let g be s(4). Let w = -124 - g. Suppose 6*m - 5*j = 2*m + w, -5*m = -j - 338. What are the prime factors of m?
67
Suppose 8*t = 9*t - 3. Let p(i) = 4*i**3 + i**2 + i + 2. What are the prime factors of p(t)?
2, 61
Suppose -2*b = 4*s - 5690, 2*b + 11359 = 6*b + s. What are the prime factors of b?
17, 167
What are the prime factors of 2 + -2 - (-646 - 2)?
2, 3
Suppose 0 = 3*a + 3, -2*a = -r + 11 - 1. Suppose 5*t = -r*t + 4394. List the prime factors of t.
2, 13
Suppose -5*r + 40 - 10 = 4*w, -2*r + 3*w = -35. Suppose -x - 4*m = 10, 4*x - 3*m = r + 26. List the prime factors of 28/(-42) - (-46)/x.
7
Let t(v) = -v**3 + 18*v**2 - 15*v + 9. Suppose -b = 2*b + s - 48, -9 = 3*s. List the prime factors of t(b).
43
Let k(y) = -27*y. Let i = -24 + 27. Suppose -t - 8 = i*t - 2*c, t - c + 3 = 0. List the prime factors of k(t).
3
List the prime factors of (-6)/24 - (-7)/28*5469.
1367
Suppose 5*j + 5*y = -100, j + 60 = -2*j + 2*y. Let s be (8/j)/((-1)/(-5)). What are the prime factors of (s - -5) + 4 - 3?
2
Suppose -5*f = -4*l, 0 = 6*f - 3*f + l. Suppose 416 + 133 = 3*t - 2*n, -3*t + n + 549 = f. What are the prime factors of t?
3, 61
What are the prime factors of 4945/10 - 4/8?
2, 13, 19
Let u(j) = j**2 - 5*j + 7. Let s be u(5). Suppose 3*v - 38 = v. Suppose s = 2*c - v. List the prime factors of c.
13
Let f(r) be the first derivative of r**5/120 + 2*r**3/3 - 5. Let h(j) be the third derivative of f(j). List the prime factors of h(2).
2
Suppose -29*i + 6 = -32*i, -3*i = 2*a - 4988. List the prime factors of a.
11, 227
Let b = 1781 - 907. List the prime factors of b.
2, 19, 23
Let v(o) = 5*o**2 - 28*o - 91. What are the prime factors of v(24)?
29, 73
Suppose -2*h - h = -t + 127, -2*h + 720 = 5*t. Suppose 3*q - q - 5*v = 275, q - 4*v - t = 0. List the prime factors of q.
2, 5, 13
Let m(l) = l**2 - 12*l - l + 8 + 5. Suppose 14*i - 100 = 82. List the prime factors of m(i).
13
Let q be 2 - -3 - 1*3. Suppose d - 5 = 2*d, -4*d = 4*p + 4. Suppose -q*t - 58 = -p*t. List the prime factors of t.
29
Let f(i) = 15*i - i**3 - 7*i - 4*i + 3. What are the prime factors of f(-2)?
3
Let g be -292*-3*3/9*4. List the prime factors of (-12)/(-20)*-1 + g/5.
233
Let k = 4410 + 231. What are the prime factors of k?
3, 7, 13, 17
Suppose -3*f - 241 = 179. Let m = -93 - f. List the prime factors of m.
47
Suppose 0 = -9*o + 31452 + 201. List the prime factors of o.
3517
Let y be ((-8)/(-20) - 0)/(2/(-20)). Let v = -58 - -98. What are the prime factors of y/v*-4*40?
2
Let y be (-301)/(-5) + 1/(-5). Let s be 77/4 - (-45)/y. Let d = 34 - s. What are the prime factors of d?
2, 7
Let w be (-4)/20 - 63/(-15). Suppose -3*m = -w*m + 41. List the prime factors of m.
41
Suppose 509*d = 513*d - 3284. List the prime factors of d.
821
Suppose -3*h + 1 - 14 = -2*g, -2*g = -h - 7. Let f(l) = -l**3 + l**2 + 2*l + 3. What are the prime factors of f(h)?
3, 11
Let y = 598 - 967. Let z = y + 684. List the prime factors of z.
3, 5, 7
Suppose 3*p = 3*i + 349 + 77, -5*i = 0. Let k = 241 - p. List the prime factors of k.
3, 11
Let s(z) = -z**3 + 9*z**2 + 16*z + 15. What are the prime factors of s(-8)?
3, 5, 13
Let w be 318/24 + 4/(-16). Let h = w - -22. List the prime factors of h.
5, 7
Let q(d) = d**3 + 23*d**2 - 13*d - 6. What are the prime factors of q(-22)?
2, 191
Let q(k) = -k**3 + 19*k**2 - 6*k - 58. Suppose -3*m = -14*m + 198. List the prime factors of q(m).
2, 79
Suppose 24*h = 20*h - 244. Let b = h - -118. What are the prime factors of b?
3, 19
Let t(q) = -2222*q + 12. List the prime factors of t(-1).
2, 1117
Let y(v) = 2*v - 7. Let u be y(6). Suppose -g - 4*g = 3*l - 36, -47 = -u*l - 4*g. Let r(m) = m**2 - 5*m. List the prime factors of r(l).
2, 7
Let k = -176 + 3303. What are the prime factors of k?
53, 59
Let f = -3726 - -5532. What are the prime factors of f?
2, 3, 7, 43
Suppose 2*t - 4 = 0, -h - 4*t + 1 = -25. List the prime factors of h.
2, 3
Let a(q) = -4*q**2 + 11*q - 12. Let w be a(7). Let h = 187 + w. Suppose -z = -3*z + h. What are the prime factors of z?
2, 7
Let y(l) = 15*l - 66. What are the prime factors of y(5)?
3
Suppose -23*q - 5*q = -10696. List the prime factors of q.
2, 191
Suppose 6 = 8*r - 9*r. What are the prime factors of (0 + 1)/(2/r) - -151?
2, 37
Let i be (-2)/9 - 266/(-63). Suppose 41 = -3*p + i*p. List the prime factors of p.
41
Suppose 0 = -7*s + 4*s - 453. Let t = 229 + s. List the prime factors of t.
2, 3, 13
Let g(r) be the third derivative of -r**5/60 - 3*r**4/8 - 2*r**3/3 - 9*r**2. Let i be g(-8). What are the prime factors of (-11)/i*72/(-6)?
3, 11
Suppose -z = -2*z + 3. Let l = z - -6. Let r = l + -6. What are the prime factors of r?
3
Suppose 2*o = f + 5 + 1, -o - 4*f = -12. Suppose -10*h + 720 = -o*h. What are the prime factors of h?
2, 3, 5
Suppose -4*u + 2*u = 2*c, -4*u - 16 = 0. Suppose -c*i = -k - 83, -5*k - 67 - 33 = -5*i. List the prime factors of 5 + 1 + i/7.
3
Suppose -16*j + 848 = -14*j. What are the prime factors of j?
2, 53
Let i(q) = 40*q + 2. Let l be i(4). Suppose 5*y - 5*m = 275, -4*y + 2*m + l = -y. List the prime factors of y.
2, 13
Let h(i) = -i**2 - i. Let d be h(-1). Suppose q + 2*o + 3*o = 19, q - 5*o - 29 = d. Let f = q + -2. List the prime factors of f.
2, 11
Let c(f) = f**2 + 8*f + 46. Let p be c(18). Suppose 5*b - 597 = w, -3*b - 5*w = 167 - p. What are the prime factors of b?
7, 17
Let q(p) = 5*p - 13. Let w be q(4). Suppose 12 = -w*j + 3*j. Let b(s) = 4*s**2 + 9. What are the prime factors of b(j)?
3, 5
Suppose 0 = 7*j - 2*j + 5*g - 100, -3*j = 5*g - 60. Let y = -4 - -6. Suppose 31 = 5*m + 3*u, -y*m + 5*u = -4*m + j. What are the prime factors of m?
5
Let o(w) = -w**3 + 24*w**2 - 7*w + 36. What are the prime factors of o(10)?
2, 683
Let t = 3650 - 2497. What are the prime factors of t?
1153
Let g(v) = -v**3 + 23*v - 31. What are the prime factors of g(-9)?
491
Let o be (-3)/(-18) + (-2)/(-24)*34. What are the prime factors of 57 + 2 - (0 + o)?
2, 7
Suppose 27*u = 19*u + 3456. What are the prime factors of u?
2, 3
Let l(p) = -26*p + p - 2 + 0*p - 31*p. List the prime factors of l(-3).
2, 83
Let v(j) = -139 + j**3 + 148 + 8*j**2 + 10*j - 5*j. List the prime factors of v(-7).
23
Let y = 17 + -21. Suppose -v - 3 = 0, 2*q + 3*v = -2 - 27. Let p = y - q. What are the prime factors of p?
2, 3
Let a(m) = -3*m + 10. Let f be a(5). Let n = 26 + f. Suppose 2*i - n = 9. What are the prime factors of i?
3, 5
Let c be 12/3 + (5 - 4). Suppose -2*h + 79 + 65 = -c*p, -p = 4. List the prime factors of h.
2, 31
Suppose k = -5*v + 1238, v = 42*k - 38*k + 235. List the prime factors of v.
13, 19
Let n be -68 - (0/(-1) - -1). Let t = -58 - n. What are the prime factors of t?
11
Suppose -3*d = i + 21, 2*i + 8 = 5*d + 43. What are the prime factors of (-214)/(-4) - d/14?
2, 3
Let w = -2 - -11. Let l(i) = i**3 - i**2 + 2*i + 1. Let f be l(2). Suppose 17 = -2*z - w*y + 4*y, y = z - f. List the prime factors of z.
2
Let r(o) = 34*o**2 + 42*o - 200. List the prime factors of r(6).
2, 11, 29
Let n(g) = -g**3 - 6*g**2 - 6*g + 6. Let y = -13 + 6. List the prime factors of n(y).
97
What are the prime factors of 41/(3/6*1/26)?
2, 13, 41
Let j be (3 + -3)/(-1 - -2). Let c = j - 5